{"id":442,"date":"2020-11-27T13:43:14","date_gmt":"2020-11-27T12:43:14","guid":{"rendered":"http:\/\/mavisite3d-nord.fr\/?page_id=442"},"modified":"2022-12-12T13:19:24","modified_gmt":"2022-12-12T12:19:24","slug":"commerce","status":"publish","type":"page","link":"https:\/\/mavisite3d-nord.fr\/?page_id=442","title":{"rendered":"Commerce"},"content":{"rendered":"\n<p class=\"has-text-align-center\">Utilisez un nouveau type de communication num\u00e9rique afin de faire d\u00e9couvrir votre \u00e9tablissement \u00e0 vos clients<\/p>\n\n\n\n<iframe loading=\"lazy\" width=\"853\" height=\"480\" src=\"https:\/\/my.mpskin.com\/fr\/tour\/mavisite3d-nord-bonita-institut\" frameborder=\"0\" allowfullscreen=\"\" allow=\"xr-spatial-tracking\"><\/iframe>\n\n\n\n<p>&nbsp;&nbsp;Cliquez <img decoding=\"async\" loading=\"lazy\" width=\"1200\" height=\"630\" class=\"wp-image-84\" style=\"width: 50px;\" src=\"http:\/\/mavisite3d-nord.fr\/wp-content\/uploads\/2020\/07\/icone-lecture.png\" alt=\"\" srcset=\"https:\/\/mavisite3d-nord.fr\/wp-content\/uploads\/2020\/07\/icone-lecture.png 1200w, https:\/\/mavisite3d-nord.fr\/wp-content\/uploads\/2020\/07\/icone-lecture-300x158.png 300w, https:\/\/mavisite3d-nord.fr\/wp-content\/uploads\/2020\/07\/icone-lecture-1024x538.png 1024w, https:\/\/mavisite3d-nord.fr\/wp-content\/uploads\/2020\/07\/icone-lecture-768x403.png 768w, https:\/\/mavisite3d-nord.fr\/wp-content\/uploads\/2020\/07\/icone-lecture-114x60.png 114w\" sizes=\"(max-width: 1200px) 100vw, 1200px\" \/> sur pour d\u00e9marrer la visite. Il vous suffit de cliquer sur l\u2019ic\u00f4ne \u00ab&nbsp;Dollhouse&nbsp;\u00bb &nbsp;&nbsp;situ\u00e9 en bas \u00e0 gauche pour acc\u00e9der au mod\u00e8le 3D.<\/p>\n","protected":false},"excerpt":{"rendered":"<p>Utilisez un nouveau type de communication num\u00e9rique afin de faire d\u00e9couvrir votre \u00e9tablissement \u00e0 vos clients &nbsp;&nbsp;Cliquez sur pour d\u00e9marrer la visite. Il vous suffit de cliquer sur l\u2019ic\u00f4ne \u00ab&nbsp;Dollhouse&nbsp;\u00bb &nbsp;&nbsp;situ\u00e9 en bas \u00e0 gauche pour acc\u00e9der au mod\u00e8le 3D.<\/p>\n","protected":false},"author":1,"featured_media":0,"parent":0,"menu_order":0,"comment_status":"closed","ping_status":"closed","template":"","meta":[],"_links":{"self":[{"href":"https:\/\/mavisite3d-nord.fr\/index.php?rest_route=\/wp\/v2\/pages\/442"}],"collection":[{"href":"https:\/\/mavisite3d-nord.fr\/index.php?rest_route=\/wp\/v2\/pages"}],"about":[{"href":"https:\/\/mavisite3d-nord.fr\/index.php?rest_route=\/wp\/v2\/types\/page"}],"author":[{"embeddable":true,"href":"https:\/\/mavisite3d-nord.fr\/index.php?rest_route=\/wp\/v2\/users\/1"}],"replies":[{"embeddable":true,"href":"https:\/\/mavisite3d-nord.fr\/index.php?rest_route=%2Fwp%2Fv2%2Fcomments&post=442"}],"version-history":[{"count":6,"href":"https:\/\/mavisite3d-nord.fr\/index.php?rest_route=\/wp\/v2\/pages\/442\/revisions"}],"predecessor-version":[{"id":466,"href":"https:\/\/mavisite3d-nord.fr\/index.php?rest_route=\/wp\/v2\/pages\/442\/revisions\/466"}],"wp:attachment":[{"href":"https:\/\/mavisite3d-nord.fr\/index.php?rest_route=%2Fwp%2Fv2%2Fmedia&parent=442"}],"curies":[{"name":"wp","href":"https:\/\/api.w.org\/{rel}","templated":true}]}}